actor of 6776 and 46222.
242
What is the highest common factor of 154 and 483070?
14
Calculate the highest common divisor of 564278 and 286.
286
Calculate the highest common factor of 11276 and 8.
4
Calculate the greatest common factor of 24752 and 151164.
884
Calculate the highest common divisor of 198 and 135674.
22
What is the greatest common divisor of 804 and 2700?
12
What is the highest common divisor of 120 and 557928?
24
Calculate the greatest common factor of 20453526 and 353.
353
What is the highest common divisor of 194775 and 265?
265
Calculate the highest common divisor of 102200 and 4015.
365
What is the highest common factor of 462 and 48?
6
Calculate the highest common factor of 54036 and 23940.
684
What is the greatest common factor of 492665 and 10?
5
What is the highest common divisor of 2442 and 13098?
222
What is the highest common divisor of 429 and 1053?
39
What is the highest common divisor of 1626 and 672?
6
What is the greatest common factor of 595092 and 2020?
404
Calculate the greatest common factor of 6123 and 1599.
39
Calculate the highest common factor of 6479 and 165044.
341
What is the highest common divisor of 35 and 71680?
35
Calculate the greatest common divisor of 793 and 35425.
13
What is the greatest common divisor of 156 and 105378?
78
Calculate the highest common divisor of 67637 and 849.
283
What is the highest common divisor of 7053760 and 160?
160
What is the highest common factor of 163856 and 704?
176
What is the greatest common divisor of 37965 and 489?
3
Calculate the greatest common factor of 32090 and 50.
10
Calculate the greatest common factor of 9739357 and 3273.
1091
What is the greatest common factor of 13842 and 171?
9
What is the greatest common divisor of 31436 and 522?
58
What is the greatest common factor of 667 and 1653?
29
Calculate the highest common divisor of 683359 and 831.
277
Calculate the greatest common factor of 2488 and 26.
2
Calculate the highest common divisor of 106596 and 12663.
189
Calculate the greatest common divisor of 156 and 1326.
78
Calculate the highest common divisor of 468 and 1924.
52
What is the greatest common factor of 720 and 143856?
144
What is the greatest common factor of 4369 and 43433?
257
What is the greatest common factor of 206595 and 45?
45
What is the highest common factor of 1630 and 695195?
815
Calculate the highest common factor of 4370 and 12673.
437
What is the highest common divisor of 59094 and 343?
49
Calculate the greatest common factor of 348575 and 382.
191
Calculate the highest common divisor of 12489 and 13593.
69
Calculate the greatest common divisor of 3227 and 168.
7
Calculate the highest common divisor of 20059 and 247.
13
Calculate the highest common divisor of 851826 and 18.
6
What is the highest common factor of 392 and 15043?
49
What is the highest common divisor of 14500 and 2320?
580
Calculate the highest common factor of 53606 and 1148.
14
Calculate the greatest common factor of 8 and 19042.
2
Calculate the highest common divisor of 64233 and 366.
183
What is the greatest common factor of 3005436 and 259?
259
Calculate the highest common factor of 603251 and 22.
11
Calculate the highest common factor of 870 and 15510.
30
What is the greatest common divisor of 2919 and 34611?
417
Calculate the greatest common divisor of 24140 and 60.
20
What is the greatest common divisor of 860 and 30745?
215
Calculate the highest common divisor of 324 and 268623.
27
Calculate the greatest common divisor of 1311457 and 21.
7
Calculate the highest common factor of 485 and 12711365.
485
What is the greatest common factor of 35 and 1209313?
7
Calculate the highest common divisor of 540 and 15885.
45
Calculate the greatest common factor of 156 and 520052.
52
Calculate the greatest common divisor of 25416 and 9178.
706
Calculate the greatest common divisor of 4380 and 36420.
60
What is the greatest common factor of 16 and 198032?
16
What is the highest common factor of 6713 and 343?
49
What is the highest common factor of 137 and 32?
1
Calculate the greatest common divisor of 414 and 11673.
9
Calculate the highest common factor of 465 and 136617.
93
What is the greatest common divisor of 3000 and 232?
8
Calculate the highest common factor of 13981 and 682.
341
Calculate the greatest common divisor of 9989 and 980.
7
What is the highest common divisor of 97753 and 737?
67
What is the greatest common divisor of 550 and 638?
22
Calculate the greatest common factor of 429 and 91091.
143
Calculate the highest common divisor of 193 and 164629.
193
What is the highest common divisor of 84939 and 345?
69
What is the greatest common divisor of 25 and 57220?
5
What is the highest common divisor of 7986 and 294?
6
Calculate the greatest common divisor of 67868 and 282.
94
Calculate the highest common divisor of 39063 and 609.
87
Calculate the highest common factor of 143 and 468.
13
Calculate the greatest common divisor of 21515 and 715.
65
Calculate the highest common divisor of 4508 and 76383.
23
Calculate the greatest common divisor of 65 and 3185.
65
Calculate the highest common divisor of 96246 and 1089.
9
Calculate the highest common factor of 259784 and 56.
56
Calculate the highest common factor of 2497356 and 90.
18
What is the highest common factor of 360 and 64360?
40
Calculate the highest common divisor of 1872 and 93168.
144
Calculate the highest common divisor of 3531 and 792.
33
What is the greatest common divisor of 15571382 and 94?
94
What is the highest common divisor of 4280 and 40?
40
Calculate the greatest common factor of 538843 and 3983.
569
Calculate the highest common divisor of 6581820 and 140.
140
Calculate the greatest common divisor of 9 and 274539.
3
Calculate the greatest common divisor of 217816 and 4256.
152
Calculate the highest common factor of 640 and 215.
5
What is the greatest common divisor of 27 and 1144881?
27
Calculate the greatest common factor of 485 and 94769.
97
What is the highest common divisor of 363 and 297?
33
What is the greatest common divisor of 510 and 21760?
170
Calculate the highest common factor of 21158 and 16259.
71
What is the greatest common factor of 1644 and 56?
4
What is the greatest common divisor of 5844192 and 102?
102
Calculate the highest common divisor of 225 and 723825.
225
Calculate the greatest common divisor of 135773 and 11.
11
What is the greatest common divisor of 102 and 41973?
51
Calculate the greatest common divisor of 537 and 1070241.
537
What is the greatest common divisor of 98 and 345842?
98
What is the greatest common divisor of 11704 and 528?
88
Calculate the highest common divisor of 2640 and 22704.
528
What is the greatest common divisor of 13226 and 1088?
34
Calculate the highest common divisor of 284 and 233164.
284
What is the highest common divisor of 33 and 20031?
33
Calculate the greatest common factor of 456 and 11343.
57
What is the greatest common factor of 512 and 246592?
64
Calculate the greatest common factor of 1279513 and 184.
23
What is the greatest common divisor of 133835 and 290?
145
Calculate the highest common divisor of 6953 and 629.
17
Calculate the greatest common factor of 26 and 225550.
26
Calculate the highest common factor of 5529 and 4617.
57
What is the highest common factor of 186582 and 66?
66
What is the highest common factor of 2088219 and 42?
21
What is the highest common divisor of 12 and 1522272?
12
Calculate the greatest common factor of 3934 and 224.
14
What is the highest common divisor of 56 and 10812004?
28
Calculate the greatest common divisor of 196204 and 543.
181
What is the highest common divisor of 312 and 456352?
104
Calculate the highest common factor of 1607739 and 196.
49
What is the highest common factor of 73112 and 19?
19
Calculate the highest common divisor of 73749 and 279.
93
Calculate the highest common divisor of 10 and 28015.
5
What is the greatest common factor of 4996 and 72?
4
Calculate the greatest common factor of 189 and 323946.
189
What is the greatest common factor of 70 and 441605?
5
Calculate the greatest common divisor of 552 and 63825.
69
What is the greatest common factor of 130 and 12038?
26
Calculate the highest common divisor of 405878 and 11.
11
Calculate the greatest common factor of 76